e 22/18 - (-2)/(-9). Let z be 1 + (o + -2)/(-1). Suppose 20 = z*u - v, -u + 2 = 3*v - 22. What is the remainder when 34 is divided by u?
10
What is the remainder when 22 - (-3)/((-9)/(-12)) is divided by 9?
8
Let o(y) be the second derivative of -3*y**2 + 0*y**3 + 1/12*y**4 + y + 0. Calculate the remainder when o(5) is divided by 7.
5
Suppose -4 = -3*f + 2. Suppose 9 = f*q - 3. Suppose 0*s + 3*s = 30. What is the remainder when s is divided by q?
4
Calculate the remainder when 129 is divided by 456/21 + -3*(-10)/105.
19
Suppose 0 = -4*x - 4*g + 212, -5*g + 165 = 2*x + x. What is the remainder when x is divided by 17?
16
Let r = 20 + -25. Let b = r + 6. Calculate the remainder when 3 is divided by b.
0
Let r = 0 + 10. Let g(l) = l - 3. What is the remainder when (-172)/(-14) + (-4)/14 is divided by g(r)?
5
Suppose -6 = 2*m + 28. Let q = m - -25. Calculate the remainder when ((-28)/10)/(1/(-5)) is divided by q.
6
Suppose 2*v = 3*w + 2, -4*v = v - 2*w - 16. Let d(i) be the first derivative of 19*i**2/2 + i - 2. Calculate the remainder when d(v) is divided by 20.
17
Suppose 2*c = -5*k + 49, -k + 42 = 3*c - 4*k. Let y(g) = 5*g + 4. Let z be y(4). Suppose -2*b + z = 2*b. What is the remainder when c is divided by b?
5
Let d = -43 - -31. Calculate the remainder when 2 - -1 - (d - 2) is divided by 6.
5
Let h(r) = 32*r**2 + 1. Suppose -6*m - 21 = -9*m. Calculate the remainder when h(-1) is divided by m.
5
What is the remainder when 34 is divided by (-18 - -1)*-1 + -1 + 4?
14
Let r(b) = 7*b + 5 + 8*b**2 - 2 + b**3 - 16*b. Let d be r(-9). Suppose -2*p + d*p = 10. Calculate the remainder when 37 is divided by p.
7
Let m(c) = c**2 + 4*c - 1. Calculate the remainder when 13 is divided by m(-5).
1
Let l be 338/6 - (-4)/(-12). Suppose -4*g = -l + 8. What is the remainder when 34 is divided by g?
10
Let f(g) = -2*g + 2. Let y be f(-4). Suppose m + 3 = y. Let b = m - -4. Calculate the remainder when b is divided by 6.
5
Suppose 4*z = 44 - 28. Calculate the remainder when 7 is divided by z.
3
Let m = 19 + -11. What is the remainder when 46 is divided by m?
6
Suppose 2*t = 10, -5*r - 111 = -2*t + 14. Let a = r + 42. Calculate the remainder when a is divided by 10.
9
Let i = -44 - -48. Calculate the remainder when 15 is divided by i.
3
Suppose -2*c = -8 - 0. Suppose 0 = c*v - 26 - 2. What is the remainder when 20 is divided by v?
6
Let j = 6 + -4. Suppose -j*p + 32 = -6. What is the remainder when 37 is divided by p?
18
Suppose 5*x - 285 = -85. What is the remainder when x is divided by 96/7 + 2/7?
12
Let r = 38 + 8. Calculate the remainder when r is divided by 12.
10
Let j(h) = h - 4. Suppose 2*k = 5*x - 8, 4*x - 17 + 52 = -3*k. Let n = -2 - k. What is the remainder when j(16) is divided by n?
5
Let t = 15 - 6. What is the remainder when t is divided by (2/3)/(8/60)?
4
Let n(q) = q**3 + q**2 - 2. Suppose 2*o + 28 = -i, 0 = 2*o + 2*i - 3*i + 28. Let k be (-48)/(-21) - (-4)/o. Calculate the remainder when 28 is divided by n(k).
8
Suppose -10*z + 136 = -6*z. What is the remainder when z is divided by 18?
16
What is the remainder when 29 is divided by 16/24 + (-46)/(-3)?
13
Let b(r) = -r**2 - r + 4. Let k be b(0). Let j = 5 + 1. Suppose l - 3*l + 3*v = j, -2*v = -k*l + 4. What is the remainder when l is divided by 2?
1
Let q(g) = g + 9. Suppose 0 = 3*l + l. What is the remainder when q(l) is divided by 6?
3
Suppose 5*v - 102 = 3*s + s, -4*v - 4*s = -60. Let d be (-36)/(-16)*-2*12. What is the remainder when (-206)/(-6) + 18/d is divided by v?
16
Suppose 3*u - 2*u + 4 = 0. Let l = u - -10. What is the remainder when ((3 - 1) + 15)*1 is divided by l?
5
Let f be (-1)/(-3) + (-26)/6. Let u = 17 + f. Calculate the remainder when 38 is divided by u.
12
Suppose 5*c - 14 - 36 = 0. Suppose 95 = 5*n - h, -24 = -3*n - 3*h + 15. Calculate the remainder when n is divided by c.
8
Suppose -5*r = 155 + 15. Calculate the remainder when (1/(-2))/(1/r) is divided by 9.
8
Let p(t) = -t**2 + 10*t - 8. Let h be 18 - 11 - (1 - 2). Calculate the remainder when p(h) is divided by 5.
3
Suppose 3*y - 128 = -0*y - 5*i, -i - 163 = -4*y. What is the remainder when 81 is divided by y?
40
Suppose 0 = 8*i - 82 - 102. Calculate the remainder when 84 is divided by i.
15
What is the remainder when (-10)/(-3*4/48) is divided by 23?
17
Let i = 111 - 56. What is the remainder when i is divided by 14?
13
Suppose -78 = -0*m - 3*m - 4*n, m - 45 = 5*n. Suppose m = -2*r + 7*r. Calculate the remainder when 10 is divided by r.
4
What is the remainder when 220/5 - 2 - (0 - -2) is divided by 15?
10
Let l(g) = g**3 - 2*g**2 + 2*g + 1. Calculate the remainder when 18 is divided by l(2).
3
Suppose -k + 36 = -4*j, 4 + 2 = -3*j. Calculate the remainder when 54 is divided by k.
26
Let u = -21 + 35. Let q(p) = -p**2 + 4*p + 1. Calculate the remainder when u - (5 - (1 + 1)) is divided by q(3).
3
Suppose 6*p + 60 = 2*p. Suppose r - 12 = 17. Let x = p + r. Calculate the remainder when x is divided by 8.
6
Suppose 4*q = 3*u + 27, -5*u = -5*q - 4*u + 20. What is the remainder when 4 is divided by q?
1
Suppose -21*y + 140 = -16*y. Suppose -2*r = 5*s - 6*r - y, -2*s - 2 = 5*r. What is the remainder when 6 is divided by s?
2
Suppose 0*f - 5*f = -105. What is the remainder when 82 is divided by f?
19
Let c be ((-4)/3)/(-2)*3. Suppose 0 = -4*o + c*r - 126, 2*o + 5*r + 114 = -o. Let m = o + 55. What is the remainder when m is divided by 12?
10
Let d(f) = -f**3 - f + 6. Calculate the remainder when 17 is divided by d(0).
5
Calculate the remainder when 96 is divided by (5 - 4)/(4/44).
8
Let p = 0 - -5. Calculate the remainder when p is divided by 2/5 - 26/(-10).
2
Suppose 5*f + 8 - 43 = -w, 0 = 2*w. What is the remainder when 27 is divided by f?
6
Let s(o) = o - 13. Let g be s(13). Suppose g = 4*f - y - 72, -y - 92 = -4*f - 5*y. Calculate the remainder when f is divided by 7.
5
Let o(i) = -i**2 - 8*i - 1. Let q be o(-7). Calculate the remainder when 54 is divided by (-4)/q + 172/6.
26
Let b(r) = 4*r. Let h be b(3). Calculate the remainder when (-2)/6 + 376/h is divided by 11.
9
Suppose 16*j - 10*j = 378. Calculate the remainder when j is divided by 22.
19
Let u = 267 - 103. Suppose 2*n - 2*f - 2*f - u = 0, n - 90 = 4*f. What is the remainder when n is divided by 25?
24
Suppose 0 = s + 4, -3*r - 4*s + 0*s + 107 = 0. Calculate the remainder when r is divided by 15.
11
Let i = -23 + 66. Calculate the remainder when i is divided by 11.
10
Let z = 123 - 99. What is the remainder when z is divided by 3?
0
Let w = 38 + -29. Calculate the remainder when 42 is divided by w.
6
Let n(j) = 12*j + 41. What is the remainder when n(9) is divided by 25?
24
Suppose -80 = -4*v + 108. Calculate the remainder when v is divided by 10.
7
Suppose -3*t - 2*c + 98 = 0, 4*c = t + 3*t - 124. What is the remainder when 47 is divided by (24/(-2))/((-24)/t)?
15
Let b(v) = 2*v + 7. Let u be b(5). Let j be (-12)/48 + 7/(-4). Calculate the remainder when (1 + u)*(1 - j) is divided by 14.
12
Let q = -7 + 2. Let y(c) = -c**3 - 4*c**2 + 2*c - 3. What is the remainder when 22 is divided by y(q)?
10
Let o(b) = b**2 + 3*b - 2. Let g be o(-4). Let i(l) = -l**2 + 6*l. Let x be i(6). Suppose 0 = g*m - x*m - 34. Calculate the remainder when m is divided by 9.
8
Let b(x) = x**2 + 7*x + 8. Let o = 154 - 124. What is the remainder when o is divided by b(-7)?
6
Let p = 13 + -11. Suppose -p*m - 34 = -4*m. Suppose -x + 74 = 25. What is the remainder when x is divided by m?
15
Let m = -43 - -50. What is the remainder when 15 is divided by m?
1
Suppose -q + 2*d + 20 = 0, -4*q + 27 = 4*d - 5. Calculate the remainder when q is divided by 5.
2
Suppose -d - 3 = -26. What is the remainder when d is divided by ((-84)/(-16) - 5)/(1/52)?
10
Let f = 4 + 10. Let p be 0/(((-6)/(-1))/3). Suppose 18 = o - 3*q - f, p = o + 3*q - 20. Calculate the remainder when o is divided by 14.
12
Let d = 134 + -44. Calculate the remainder when d is divided by 31.
28
Suppose 125 = 5*k - 70. What is the remainder when k is divided by 21?
18
Let n(z) = z**2 - z + 11. Let b = -39 + 82. What is the remainder when b is divided by n(0)?
10
Suppose 1 + 9 = f. Let r = -9 + f. What is the remainder when 1 is divided by r?
0
Let o be (2/(-4))/(5/(-10)). Suppose 0 = -2*r - o + 37. Calculate the remainder when 35 is d